ppose 2*d + 3*s = 25, -5*d + 35 - 1 = -c*s. List the prime factors of d.
2
Let b(d) = d**2 + 7*d - 4. Let m be b(-8). Let k(i) = -i**2 + 8*i + 1. What are the prime factors of k(m)?
17
Let i be (-164)/(-20) + (-3)/15. Let y = i + 3. What are the prime factors of y?
11
Suppose -3*j - 4*b + 17 = 0, -4*j - 3 = b - 30. What are the prime factors of ((-1)/(-1) - -1)*j?
2, 7
Let i(h) = h**3 + 5. Let m be i(0). Let q = 7 - m. What are the prime factors of q?
2
Let y = 94 - 146. Let c be y/4*1/(-1). List the prime factors of c/1 + 6 + -5.
2, 7
Suppose 2*j = s + 7, -5 = 2*j + s + 2*s. Let u = -5 + j. List the prime factors of u - (-1 + 5/(-1)).
3
Let z(c) = 2*c**2 - 2*c + 4. Suppose 0 = d - 4*t + 5 - 1, 4*d + t - 18 = 0. Let x be z(d). Let y = x - 17. List the prime factors of y.
11
Suppose -s + 9 = -c, -3*s + 4*c + 27 = -4. Suppose -j - 4*u - s = 0, 0 = 3*j - 0*j + 5*u + 1. What are the prime factors of j?
3
Suppose -159 - 1 = -2*g. Suppose -5 = -7*o + 2*o, -4*d - 4*o + g = 0. List the prime factors of d.
19
Let a(h) = -h**3 + 4*h**2 - 2. Let w = -1 - -4. Let r be a(w). Suppose 3*j - r = -1. List the prime factors of j.
2
Suppose 4*v - 28 = -5*d, 5*v + d = -d + 18. Suppose p - 2 = 0, -v*b = -b + 4*p - 15. What are the prime factors of b?
7
Let i = -2 + 45. List the prime factors of i.
43
Let g be 2/((-6)/(-27)) - 3. Let z = -8 + 26. Let m = z - g. What are the prime factors of m?
2, 3
Let p = -1 - -4. Suppose -9 - 9 = -p*x. What are the prime factors of ((-3)/(-2))/(x/32)?
2
List the prime factors of (-72)/(-4) - 0/(-1).
2, 3
Suppose 30*u = 23*u + 1190. What are the prime factors of u?
2, 5, 17
Suppose -7*a + 2*a = -15. Suppose -a*l - 5 = -5*w - 4*l, 20 = 4*l. Suppose 5*f - p - 71 = w, -p - 11 = -2*f + f. List the prime factors of f.
3, 5
Let v(p) = -p + 9. Let l be v(7). Suppose l = 2*b - 4. What are the prime factors of (4/b)/((-8)/(-60))?
2, 5
Suppose 0 = 3*v - 4 + 1. Let l be v + (-1)/(3 + -2). Suppose -p + 7 = -l*p. List the prime factors of p.
7
Let w(t) = 2*t**2 + 7*t + 18. What are the prime factors of w(-6)?
2, 3
Let n = -120 + 175. What are the prime factors of n?
5, 11
Let g(m) = -13*m**3 - m**2 + m. Let t be g(1). What are the prime factors of -2 + (1 - (t - 0))?
2, 3
Let h = 86 + 63. List the prime factors of h.
149
List the prime factors of 124/44 + -3 + (-2600)/(-22).
2, 59
Suppose 0 = -2*y - 4*d + 144, d - 6*d + 25 = 0. What are the prime factors of y?
2, 31
Let i be (0/(3 - 1))/2. Let n = -6 + i. Let h = n + 22. List the prime factors of h.
2
Let n = 1 + 1. Suppose 0 = l + n - 0, 4*l + 13 = g. Suppose -w + 3*j - 5 = w, 5*j = 5*w + g. What are the prime factors of w?
2
Let z(o) = o**2 - 1. Let t be z(2). Let m be -4 + (t - 1) + 5. What are the prime factors of 2/m + 26/6?
5
Let n = 266 - 163. What are the prime factors of n?
103
Suppose t - 46 - 119 = 0. Suppose -5*g + 0*g = -t. What are the prime factors of g?
3, 11
Let v = -4 + 7. Suppose 0 = v*u - p - 44, -7 = 4*u - 5*p - 51. What are the prime factors of u?
2
Let h be (0 - -1)*-2*4. Let b(f) = -f**2 - 10*f - 2. What are the prime factors of b(h)?
2, 7
Let i(j) = 6*j**2 + 3 - 10*j + j**3 + 0*j + 2*j**2. Suppose 4*a + 21 = -d, -d + 3*d + 4*a + 30 = 0. List the prime factors of i(d).
2, 3
Let f be (-1)/4 - (-178)/8. Suppose 8*s = 7*s + f. List the prime factors of s.
2, 11
Let n(v) = 3*v**3 + 3*v + 1. Let u(o) = -16*o**3 + o**2 - 16*o - 6. Let f(r) = -11*n(r) - 2*u(r). Let w be -2 - (0/(-2))/1. What are the prime factors of f(w)?
3
Let l = 4 + -4. Suppose -5*i + 3*y + 5 + 5 = l, 0 = i - y. Suppose c + 0*c - i*h = 16, 0 = 5*c - 3*h - 58. List the prime factors of c.
11
Suppose k = -2*k + 18. Suppose -k*p - 72 = -2*p. Let i = p - -37. List the prime factors of i.
19
Suppose -11 = -3*k + 4. Let c(h) = 3*h + 17. List the prime factors of c(k).
2
Let y be (2/5)/((-1)/5). Let o be (-2)/(-2)*0 - y. Suppose -5*j = -o*j - 39. List the prime factors of j.
13
Suppose 4*n - 140 = -0*n - 4*d, 2*n - 3*d - 75 = 0. Let b = n + -1. List the prime factors of b.
5, 7
Let l be 1/1*5/2*-2. Let j(h) = -h**2 + 3*h + 3. Let f(z) = -z**2 - z. Let n(d) = -2*f(d) + j(d). List the prime factors of n(l).
3
Suppose 447 + 388 = 5*y. List the prime factors of y.
167
Let b(s) be the first derivative of 1/2*s**2 + 9*s - 3. What are the prime factors of b(0)?
3
Let m be -29*1 + 0/(-6). Let q be 1/(-7) - m/7. Suppose 0 = -u - q*p + 18, -4*u + 0*p + 4*p + 52 = 0. List the prime factors of u.
2, 7
Let w = 0 - -1. Let a(m) = 4*m - 1. Let q be a(w). Suppose 6 = 4*y - 10, q*y = 4*s. List the prime factors of s.
3
Let g = -12 - 1. Let o = 29 + g. What are the prime factors of o?
2
Let r = -24 - -26. Suppose -r*b - 12 = -6*b, 3*q = -5*b + 126. What are the prime factors of q?
37
Let r = -60 - -120. Suppose 0 = y + 4*y - r. List the prime factors of y.
2, 3
Suppose -129 = -3*v - 2*j - j, -5*j + 39 = v. What are the prime factors of v?
2, 11
Let w = -18 - -46. What are the prime factors of w/6*198/77?
2, 3
Let x = 221 - 157. List the prime factors of x.
2
Let k(q) = q**2 - q - 4. Let h(o) = o**2 - 2*o - 2. Let g be h(-4). Suppose g = -4*a + 5*i, -2*i + i = -3*a - 11. List the prime factors of k(a).
2
Let t(h) = h**3 + 11*h**2 - 11*h + 14. Let c be t(-12). Suppose -b = 4, -c*s - 14 = -s + 4*b. List the prime factors of s.
2
Suppose -91 = -4*k + j, 4*j - 139 = -5*k + 1. List the prime factors of k.
2, 3
Suppose -t - 3*p + 307 = -0*t, 289 = t - 3*p. What are the prime factors of t?
2, 149
Let u(k) = -2*k - 1. Let g be u(-3). Suppose -2*y = 3*f + 2*y - 31, 4*y = -g*f + 49. List the prime factors of f.
3
Suppose -2*q + 22 + 52 = 0. Suppose -q = -3*f + 5. List the prime factors of f.
2, 7
What are the prime factors of (-6)/4*(-11)/(132/1784)?
223
Suppose -5*a - 2*f = -f - 120, -5*f = 0. Suppose -3*u + 3*v + a = 6*v, -4*v = u - 17. List the prime factors of u.
5
Suppose 4*w = 5*r + 40, 3*r = -2*w - 26 + 2. List the prime factors of (3/(-2))/(6/r).
2
Let k(j) = j**2 + 3*j. Let o be k(-4). Suppose w = -o*w. Suppose w*u = u - 5*p - 36, u + 14 = -5*p. What are the prime factors of u?
11
Suppose 2*f = b + 85, 5*f - 3*b = 46 + 169. List the prime factors of f.
2, 5
Let f = 43 + 4. List the prime factors of f.
47
Suppose -2*l + 5*l = 33. What are the prime factors of l?
11
Let i(z) = 2*z**2. Let x be i(1). Let p be (-11)/(-3) - 6/(-18). What are the prime factors of (x/(-4))/(p/(-24))?
3
Suppose 2*w + 0*w - 5*h = -176, 0 = -2*w - 4*h - 158. Let x be (-1)/(-4) - w/4. Let s = x - 13. What are the prime factors of s?
2
Let c(z) = z + 9. Let q be (-1)/3 + 1/3. List the prime factors of c(q).
3
Let z = -8 + 11. Let h = 32 + 16. Suppose -z*v - v + h = 0. What are the prime factors of v?
2, 3
Let f(q) = -7 + 1 + 3 + 10*q - q**2. Let r be f(7). Suppose -g + 5*g = y - 13, -g = 4*y - r. What are the prime factors of y?
5
Let j = 3 - -1. Let v(h) = -h**3 + 5*h**2 - 7*h + 4. Let p be v(j). Let q = 13 + p. What are the prime factors of q?
5
Suppose 0*n + n = 32. Suppose 2*x + n = 8. Let h = 19 + x. What are the prime factors of h?
7
Let w = 14 + -7. Let c(f) = f + 6. List the prime factors of c(w).
13
Suppose -18*z - 124 = -20*z. What are the prime factors of z?
2, 31
Let y be 0 - 6*2/(-4). Let v(w) = -w**3 + 5*w**2 - 3*w - 2. What are the prime factors of v(y)?
7
Let r(y) = 7*y - y + 2*y**2 - 3 + y. What are the prime factors of r(3)?
2, 3
Let v(w) = -w**3 - 4*w**2. Let q be v(-4). Suppose 4*j = -q*j + 88. What are the prime factors of j?
2, 11
Suppose 5*z + 7 = 182. List the prime factors of z.
5, 7
Let l(x) = -x - 8. Let r be l(-8). What are the prime factors of (-44)/(-4)*(r + 1)?
11
Let y(c) = 1 - 3 + 0*c + c. Let m be y(3). Let j(r) = 10*r**3 - r**2 + 2*r - 1. List the prime factors of j(m).
2, 5
Suppose -3*d + 17 - 2 = 0. Suppose -5*t + 26 = 2*p, -d*t = -3*p - 5 - 6. Suppose 2 = 2*s - 0, 5*s - 32 = -p*f. List the prime factors of f.
3
Suppose 4*k - 13 = -3*j, 0 = -k - 2*k + j. What are the prime factors of 2/(2/(17 - k))?
2
Let q(p) = 13*p**2 - 3*p. List the prime factors of q(1).
2, 5
Suppose u + 3 = -3*g, 2*g = 3*u + 8 + 56. What are the prime factors of (6/u)/(2/(-12))?
2
Let j be ((-4)/(-10))/(5/(-25)). What are the prime factors of j/(-4)*(-112)/(-7)?
2
Suppose -3*x + 0*x + 96 = 0. Suppose 5*r + x = 2*q, 5*q = q - 2*r + 16. What are the p